
False
Is 45510 a multiple of 10?
True
Is 263200 a multiple of 10?
True
Is 5 a factor of 7540?
True
Is 7436880 a multiple of 90?
True
Does 311 divide 1810024?
False
Is 28 a factor of 89147?
False
Does 135 divide 227205?
True
Does 22 divide 587552?
False
Does 61 divide 558272?
True
Is 375 a factor of 584140?
False
Is 13 a factor of 1191151?
True
Is 50 a factor of 24023792?
False
Does 6 divide 3392712?
True
Is 183 a factor of 217038?
True
Is 5 a factor of 872215?
True
Does 137 divide 14248?
True
Is 10 a factor of 3740?
True
Is 416745 a multiple of 189?
True
Is 88983 a multiple of 8?
False
Is 14 a factor of 2720284?
True
Is 18 a factor of 4803840?
True
Does 260 divide 45331?
False
Does 143 divide 3272838?
False
Is 983 a factor of 2772609?
False
Does 24 divide 85023?
False
Is 323 a factor of 72895?
False
Is 368310 a multiple of 30?
True
Is 43 a factor of 16684?
True
Is 164954 a multiple of 66?
False
Does 531 divide 979961?
False
Does 58 divide 851904?
True
Is 7 a factor of 5879363?
True
Does 17 divide 9965817?
False
Does 22 divide 3652638?
True
Is 66 a factor of 125136?
True
Is 3143520 a multiple of 80?
True
Does 10 divide 119620?
True
Is 1173479 a multiple of 118?
False
Is 5562678 a multiple of 11?
True
Is 4418695 a multiple of 113?
False
Does 2 divide 4447?
False
Does 60 divide 139427?
False
Does 126 divide 136962?
True
Is 4843020 a multiple of 260?
True
Is 14 a factor of 129528?
True
Does 618 divide 12064596?
True
Does 563 divide 7601932?
False
Is 422 a factor of 443522?
True
Does 105 divide 744870?
True
Does 98 divide 1942561?
False
Does 4 divide 110113?
False
Is 87358 a multiple of 327?
False
Is 185744 a multiple of 8?
True
Does 11 divide 2010384?
False
Does 6 divide 23520?
True
Is 189 a factor of 712785?
False
Is 334 a factor of 446332?
False
Does 11 divide 2878194?
True
Is 35 a factor of 48125?
True
Is 2 a factor of 246241?
False
Does 166 divide 548303?
False
Does 54 divide 335556?
True
Is 4567917 a multiple of 51?
True
Is 617888 a multiple of 11?
False
Does 52 divide 171352?
False
Is 18 a factor of 393429?
False
Is 77 a factor of 1853029?
False
Is 124 a factor of 1365826?
False
Does 34 divide 242522?
True
Is 741 a factor of 2013297?
True
Does 44 divide 168520?
True
Is 83396 a multiple of 4?
True
Does 5 divide 362553?
False
Is 274624 a multiple of 56?
True
Does 317 divide 18508996?
True
Is 1972081 a multiple of 19?
False
Is 182672 a multiple of 49?
True
Is 3 a factor of 79734?
True
Is 29570 a multiple of 10?
True
Is 4 a factor of 834032?
True
Is 265984 a multiple of 32?
True
Is 72 a factor of 92666?
False
Is 142 a factor of 238368?
False
Is 190800 a multiple of 5?
True
Is 335 a factor of 987121?
False
Does 253 divide 228798?
False
Is 4294334 a multiple of 411?
False
Is 7366200 a multiple of 25?
True
Is 13627575 a multiple of 15?
True
Does 18 divide 334626?
False
Is 16 a factor of 1253968?
True
Does 13 divide 79438?
False
Is 324540 a multiple of 601?
True
Is 1710225 a multiple of 33?
True
Is 61 a factor of 227164?
True
Is 756425 a multiple of 24?
False
Is 2638526 a multiple of 112?
False
Is 74 a factor of 707605?
False
Is 270270 a multiple of 77?
True
Is 172 a factor of 15136?
True
Is 26 a factor of 26144066?
True
Does 44 divide 1384549?
False
Is 119 a factor of 164624?
False
Does 31 divide 4067152?
False
Is 824 a factor of 2743183?
False
Is 478 a factor of 377620?
True
Does 72 divide 537574?
False
Is 314274 a multiple of 69?
False
Is 406816 a multiple of 62?
False
Does 16 divide 135356?
False
Does 148 divide 8180256?
True
Does 130 divide 250929?
False
Does 5 divide 2290586?
False
Is 13 a factor of 210665?
True
Is 113 a factor of 197893?
False
Does 152 divide 494415?
False
Is 486176 a multiple of 222?
False
Does 113 divide 145205?
True
Is 439256 a multiple of 41?
False
Is 7 a factor of 1378763?
False
Does 460 divide 7158442?
False
Is 94 a factor of 338602?
False
Does 138 divide 3870246?
False
Is 817738 a multiple of 268?
False
Is 19 a factor of 7633079?
True
Is 7 a factor of 394923?
False
Is 33 a factor of 9270?
False
Does 23 divide 9310860?
True
Does 31 divide 1245625?
False
Is 41 a factor of 411312?
True
Is 20420321 a multiple of 841?
True
Is 5 a factor of 127308?
False
Does 19 divide 14852927?
True
Is 31 a factor of 3030770?
False
Does 388 divide 2262542?
False
Is 3002636 a multiple of 17?
False
Is 158 a factor of 2993528?
False
Does 24 divide 241248?
True
Is 120412 a multiple of 78?
False
Does 294 divide 248940?
False
Does 290 divide 5931080?
True
Does 11 divide 725351?
True
Does 764 divide 99115?
False
Is 1890433 even?
False
Is 47 a factor of 187788?
False
Is 217 a factor of 749162?
False
Is 149 a factor of 20846892?
False
Is 24 a factor of 70656?
True
Is 4503168 a multiple of 576?
True
Does 8 divide 88616?
True
Does 2 divide 40871?
False
Does 16 divide 99986?
False
Is 22 a factor of 8822220?
True
Is 22 a factor of 32318?
True
Is 18 a factor of 1503?
False
Is 85407 a multiple of 249?
True
Does 75 divide 495213?
False
Is 2061517 a multiple of 4?
False
Does 78 divide 835536?
True
Is 36 a factor of 181381?
False
Is 321 a factor of 121539?
False
Is 7 a factor of 1127357?
True
Is 7 a factor of 611975?
True
Is 15512 a multiple of 8?
True
Does 30 divide 114926?
False
Is 1621120 a multiple of 149?
True
Is 9475880 a multiple of 319?
False
Does 98 divide 614444?
False
Is 141 a factor of 257390?
False
Is 16 a factor of 858032?
True
Is 6 a factor of 132557?
False
Is 20 a factor of 2702540?
True
Is 8 a factor of 87382?
False
Is 19 a factor of 1068431?
False
Does 35 divide 4985890?
True
Is 22 a factor of 193501?
False
Is 80780 a multiple of 35?
True
Is 155 a factor of 3180278?
False
Is 5333069 a multiple of 61?
False
Is 9936 a multiple of 36?
True
Does 329 divide 477379?
True
Is 125 a factor of 147500?
True
Is 12765604 a multiple of 247?
False
Does 2 divide 692527?
False
Is 339872 a multiple of 16?
True
Is 10126018 a multiple of 14?
True
Is 29 a factor of 158472?
False
Is 520182 a multiple of 114?
True
Is 152 a factor of 2538400?
True
Does 79 divide 1300024?
True
Does 11 divide 564498?
True
Does 104 divide 226200?
True
Is 70 a factor of 270019?
False
Is 48 a factor of 163152?
True
Is 60 a factor of 297375?
False
Does 24 divide 3091560?
True
Is 803 a multiple of 73?
True
Does 111 divide 23199?
True
Is 6 a factor of 656238?
True
Does 217 divide 35805?
True
Is 33 a factor of 238722?
True
Is 1142960 a multiple of 52?
True
Is 15 a factor of 3207389?
False
Is 18 a factor of 319914?
True
Does 36 divide 2553120?
True
Does 15 divide 27517475?
False
Is 108 a factor of 903684?
False
Is 10 a factor of 135450?
True
Is 5590 a multiple of 215?
True
Is 27 a factor of 60971?
False
Is 413062 a multiple of 26?
True
Is 5 a factor of 1590880?
True
Is 3968689 a multiple of 9?
False
Is 6 a factor of 824134?
False
Is 16 a factor of 970208?
True
Is 60 a factor of 97308?
False
Is 18 a factor of 108870?
False
Is 169394 a multiple of 179?
False
Does 9 divide 11783056?
False
Is 19 a factor of 754668?
False
Does 65 divide 3252578?
False
Is 90 a factor of 715906?
False
Is 235 a factor of 153702?
False
Is 1473073 a multiple of 127?
True
Is 164840 a multiple of 13?
True
Does 100 divide 21405248?
False
Does 83 divide 353974?
False
Does 186 divide 307078?
False
Is 58488 a multiple of 24?
True
Is 296413 a multiple of 14?
False
Does 302 divide 2436595?
False
Is 53 a factor of 3054072?
True
Is 904017 a multiple of 13?
False
Does 126 divide 55440?
True
Is 331 a factor of 431339?
False
Is 15 a factor of 85983?
False
Is 740230 a multiple of 5?
True
Is 20 a factor of 44545?
False
Is 959119 a multiple of 113?
False
Is 207 a factor of 48852?
True
Is 86 a factor of 351654?
True
Is 47 a factor of 61757?
False
Does 47 divide 22777?
False
Is 2778242 a multiple of 41?
True
Is 97326 a multiple of 73?
False
Does 117 divide 21060?
True
Does 19 divide 3664097?
False
Is 214 a factor of 3106638?
True
Does 25 divide 25750?
True
Is 16884302 a multiple of 23?
False
Does 28 divide 3507010?
False
Is 4259687 a multiple of 127?
False
Is 44 a factor of 114488?
True
Is 21977 a multiple of 29?
False
Does 107 divide 170023?
True
Is 984 a factor of 1116911?
False
Does 2 divide 195308?
True
Does 57 divide 1378632?
False
Does 12 divide 783204?
True
Is 75 a factor of 19125?
True
Does 10 divide 1281180?
True
Is 18 